{"id":1353,"date":"2022-04-27T16:33:50","date_gmt":"2022-04-27T19:33:50","guid":{"rendered":"https:\/\/repositoriododireito.ufn.edu.br\/?page_id=1353"},"modified":"2022-07-05T15:51:22","modified_gmt":"2022-07-05T18:51:22","slug":"saiba-mais","status":"publish","type":"page","link":"https:\/\/repositoriododireito.ufn.edu.br\/?page_id=1353","title":{"rendered":"Saiba Mais"},"content":{"rendered":"\n<h4 class=\"wp-block-heading\"><strong>Links recomendados para leitura.<\/strong><\/h4>\n\n\n\n<h3 class=\"wp-block-heading\"><strong>I &#8211; Tratados internacionais ratificados pelo Brasil<\/strong><\/h3>\n\n\n\n<p><strong>A) Sistema Global<\/strong><br><a href=\"https:\/\/www.unicef.org\/brazil\/declaracao-universal-dos-direitos-humanos\"><strong>a) Declara\u00e7\u00e3o Universal dos Direitos Humanos \u2013 1948<\/strong><\/a><\/p>\n\n\n\n<p><a href=\"http:\/\/www.dhnet.org.br\/direitos\/sip\/onu\/bmestar\/dec86.htm\"><strong>b) Declara\u00e7\u00e3o do Direito ao Desenvolvimento \u2013 1986<\/strong><\/a><\/p>\n\n\n\n<p><a href=\"https:\/\/www.bing.com\/search?q=Declara\u00e7\u00e3o+do+Direito+ao+Desenvolvimento+-+1986&amp;cvid=fb6a71c42c3747dc8c9c602c935e668c&amp;aqs=edge..69i57.1184j0j1&amp;pglt=43&amp;FORM=ANNTA1&amp;PC=U531\"><strong>c) Declara\u00e7\u00e3o do Direito ao Desenvolvimento \u2013 1986<\/strong><\/a><\/p>\n\n\n\n<p><a href=\"http:\/\/gddc.ministeriopublico.pt\/sites\/default\/files\/decl-dtodesenvolvimento.pdf\"><strong>d) Declara\u00e7\u00e3o do Direito ao Desenvolvimento \u2013 1986<\/strong><\/a><\/p>\n\n\n\n<p><a href=\"https:\/\/www.oas.org\/dil\/port\/1993%20Declara%C3%A7%C3%A3o%20e%20Programa%20de%20Ac%C3%A7%C3%A3o%20adoptado%20pela%20Confer%C3%AAncia%20Mundial%20de%20Viena%20sobre%20Direitos%20Humanos%20em%20junho%20de%201993.pdf\"><strong>e) Declara\u00e7\u00e3o Programa de A\u00e7\u00e3o de Viena -1993<\/strong><\/a><\/p>\n\n\n\n<p><a href=\"http:\/\/www.dhnet.org.br\/direitos\/sip\/onu\/doc\/pequim95.htm\"><strong>f- Declara\u00e7\u00e3o de Pequim \u2013 1995<\/strong><\/a><\/p>\n\n\n\n<p><strong>B) Sistema Regional Interamericano<\/strong><br><a href=\"https:\/\/www.cidh.oas.org\/basicos\/portugues\/b.declaracao_americana.htm\"><strong>Declara\u00e7\u00e3o Americana dos Direitos e Deveres do Homem \u2013 1948<\/strong><\/a><\/p>\n\n\n\n<p><strong>II &#8211; Tratados Internacionais de Prote\u00e7\u00e3o de Direitos Humanos Ratificados pelo Brasil<\/strong><\/p>\n\n\n\n<p><strong>1) Sistema Global<\/strong><br><a href=\"https:\/\/www.unicef.org\/brazil\/carta-das-nacoes-unidas\"><strong>a) Preceitos da Carta das Na\u00e7\u00f5es Unidas \u2013 1945<\/strong><\/a><\/p>\n\n\n\n<p><a href=\"https:\/\/www.oas.org\/dil\/port\/1948%20Conven%C3%A7%C3%A3o%20sobre%20a%20Preven%C3%A7%C3%A3o%20e%20Puni%C3%A7%C3%A3o%20do%20Crime%20de%20Genoc%C3%ADdio.pdf\"><strong>b) Conven\u00e7\u00e3o contra o Genoc\u00eddio \u2013 1949<\/strong><\/a><\/p>\n\n\n\n<p><a href=\"https:\/\/www.acnur.org\/fileadmin\/Documentos\/portugues\/BDL\/Convencao_relativa_ao_Estatuto_dos_Refugiados.pdf\"><strong>c) Conven\u00e7\u00e3o relativa ao Estatuto dos Refugiados \u2013 1951<\/strong><\/a><\/p>\n\n\n\n<p><a href=\"https:\/\/www.acnur.org\/fileadmin\/Documentos\/portugues\/BDL\/Protocolo_de_1967_Relativo_ao_Estatuto_dos_Refugiados.pdf\"><strong>d) Protocolo sobre o Estatuto dos Refugiados \u2013 1966<\/strong><\/a><\/p>\n\n\n\n<p><a href=\"https:\/\/www.oas.org\/dil\/port\/1966%20Pacto%20Internacional%20sobre%20Direitos%20Civis%20e%20Pol%C3%ADticos.pdf\"><strong>e) Pacto Internacional dos Direitos Civis e Pol\u00edticos \u2013 1966<\/strong><\/a><\/p>\n\n\n\n<p><a href=\"https:\/\/www.oas.org\/dil\/port\/1965%20Conven%C3%A7%C3%A3o%20Internacional%20sobre%20a%20Elimina%C3%A7%C3%A3o%20de%20Todas%20as%20Formas%20de%20Discrimina%C3%A7%C3%A3o%20Racial.%20Adoptada%20e%20aberta%20%C3%A0%20assinatura%20e%20ratifica%C3%A7%C3%A3o%20por%20Resolu%C3%A7%C3%A3o%20da%20Assembleia%20Geral%202106%20(XX)%20de%2021%20de%20dezembro%20de%201965.pdf\"><strong>f) Conven\u00e7\u00e3o sobre a Elimina\u00e7\u00e3o de todas as formas de Discrimina\u00e7\u00e3o Racial &#8211; 1968<\/strong><\/a><\/p>\n\n\n\n<p><a href=\"https:\/\/www.onumulheres.org.br\/wp-content\/uploads\/2013\/03\/convencao_cedaw.pdf\"><strong>g) Conven\u00e7\u00e3o sobre a Elimina\u00e7\u00e3o de todas as formas de Discrimina\u00e7\u00e3o contra a Mulher &#8211; 1984<\/strong><\/a><br><br><a href=\"http:\/\/www.planalto.gov.br\/ccivil_03\/decreto\/2002\/d4377.htm\"><strong>DECRETO N\u00ba 4.377, DE 13 DE SETEMBRO DE 2002. Promulga a Conven\u00e7\u00e3o sobre a Elimina\u00e7\u00e3o de Todas as Formas de Discrimina\u00e7\u00e3o contra a Mulher, de 1979, e revoga o Decreto no 89.460, de 20 de mar\u00e7o de 1984.<\/strong><\/a><\/p>\n\n\n\n<p><a href=\"http:\/\/www.dhnet.org.br\/direitos\/sip\/onu\/tortura\/lex221.htm\"><strong>h) Conven\u00e7\u00e3o contra a Tortura e outros Tratamentos ou Penas Cru\u00e9is, Desumanos ou Degradantes 1984<\/strong><\/a><br><br><a href=\"http:\/\/www.planalto.gov.br\/ccivil_03\/decreto\/1990-1994\/d0040.htm\"><strong>DECRETO No 40, DE 15 DE FEVEREIRO DE 1991. Promulga a Conven\u00e7\u00e3o Contra a Tortura e Outros Tratamentos ou Penas Cru\u00e9is, Desumanos ou Degradantes.<\/strong><\/a><\/p>\n\n\n\n<p><a href=\"https:\/\/www.unicef.org\/brazil\/convencao-sobre-os-direitos-da-crianca\"><strong>i) Conven\u00e7\u00e3o sobre os Direitos da Crian\u00e7a &#8211; 1989<\/strong><\/a><br><br><a href=\"http:\/\/www.planalto.gov.br\/ccivil_03\/decreto\/1990-1994\/d99710.htm\"><strong>DECRETO No 99.710, DE 21 DE NOVEMBRO DE 1990. Promulga a Conven\u00e7\u00e3o sobre os Direitos da Crian\u00e7a.<\/strong><\/a><\/p>\n\n\n\n<p><strong>2) Sistema Regional Interamericano<\/strong><br><a href=\"https:\/\/www.cidh.oas.org\/basicos\/portugues\/c.convencao_americana.htm\"><strong>a) Conven\u00e7\u00e3o Americana sobre Direitos Humanos \u2013 1969<\/strong><\/a><\/p>\n\n\n\n<p><a href=\"https:\/\/www.oas.org\/pt\/cidh\/mandato\/basicos\/tortura.pdf\"><strong>b) Conven\u00e7\u00e3o Interamericana para Prevenir e Punir a Tortura &#8211; 1985<\/strong><\/a><br><br><a href=\"http:\/\/www.planalto.gov.br\/ccivil_03\/decreto\/1980-1989\/d98386.htm\"><strong>DECRETO No 98.386, DE 9 DE DEZEMBRO DE 1989 &#8211; Promulga a Conven\u00e7\u00e3o Interamericana para Prevenir e Punir a Tortura.<\/strong><\/a><\/p>\n\n\n\n<p><a href=\"http:\/\/www.cidh.org\/basicos\/portugues\/m.belem.do.para.htm\"><strong>c) Conven\u00e7\u00e3o Interamericana para Prevenir, Punir e Erradicar a Viol\u00eancia contra a Mulher &#8211; 1994<\/strong><\/a><br><\/p>\n\n\n\n<h3 class=\"has-text-align-left wp-block-heading\"><strong>2. Artigos Cient\u00edficos<\/strong><\/h3>\n\n\n\n<p><a href=\"http:\/\/www.mpsp.mp.br\/portal\/page\/portal\/documentacao_e_divulgacao\/doc_biblioteca\/bibli_servicos_produtos\/bibli_boletim\/bibli_bol_2006\/Rev-Dir-e-Liberd_v.20_n.02.09.pdf\"><strong>CHAVES. Luciano Athayde. As Decis\u00f5es Das Cortes Internacionais Como Fonte Do Direito Internacional: A Contribui\u00e7\u00e3o Da Corte Interamericana De Direitos Humanos Na Constru\u00e7\u00e3o Da Regra-Garantia Do Controle De Convencionalidade.<\/strong><\/a><\/p>\n\n\n\n<p><a href=\"http:\/\/www.mpsp.mp.br\/portal\/page\/portal\/documentacao_e_divulgacao\/doc_biblioteca\/bibli_servicos_produtos\/bibli_boletim\/bibli_bol_2006\/RPro_n.249.03.PDF\"><strong>RAMOS. Andr\u00e9 de Carvalho. Dignidade humana como obst\u00e1culo \u00e0 homologa\u00e7\u00e3o de senten\u00e7a estrangeira. <\/strong><\/a><br><br><a href=\"http:\/\/www.abdpc.com.br\/admin\/midias\/anexos\/1440694885.pdf\"><strong>SARLET. Ingo Wolfgang. Notas Sobre A Assim Designada Proibi\u00e7\u00e3o De Retrocesso Social No Constitucionalismo Latino-Americano.<\/strong><\/a><\/p>\n\n\n\n<p><a href=\"https:\/\/repositorio.pucrs.br\/dspace\/bitstream\/10923\/11403\/2\/Direito_a_768_Informac_807_a_771_o_e_Direito_de_Acesso_a_768_Informac_807_a_771_o_como_Direitos_Fundamentais_na.pdf\"><strong>SARLET. Ingo Wolfgang Sarlet; MOLINARO, Carlos Alberto. Direito \u00c0 Informa\u00e7\u00e3o E Direito De Acesso \u00c0 Informa\u00e7\u00e3o Como Direitos Fundamentais Na Constitui\u00e7\u00e3o Brasileira.<\/strong><\/a><\/p>\n\n\n\n<p><a href=\"https:\/\/www.corteidh.or.cr\/tablas\/r3311.pdf\"><strong>VASCONCELOS, Eneas Romero de. O Conflito Entre Direito Nacional E Internacional: A Jurisprud\u00eancia Da Corte Interamericana De Direitos Humanos Vs. A Jurisprud\u00eancia Do Supremo Tribunal Federal. <\/strong><\/a><\/p>\n\n\n\n<h3 class=\"has-text-align-left wp-block-heading\"><strong>3. Not\u00edcias, Condena\u00e7\u00f5es do Brasil em cortes internacionais<\/strong><\/h3>\n\n\n\n<p><strong><a href=\"https:\/\/static.defensoria.to.def.br\/postify-media\/uploads\/post\/file\/22527\/BANCO_DE_JURISPRUDENCIA___SISTEMA_INTERAMERICANO.pdf\">BANCO DE JURISPRUD\u00caNCIA SISTEMA INTERAMERICANO<\/a><\/strong><\/p>\n\n\n\n<p><strong><a href=\"https:\/\/www.gov.br\/mdh\/pt-br\/navegue-por-temas\/atuacao-internacional\/sentencas-da-corte-interamericana\">Senten\u00e7as da Corte Interamericana<\/a><\/strong><\/p>\n\n\n\n<p><strong><a href=\"https:\/\/www.gov.br\/mdh\/pt-br\/navegue-por-temas\/atuacao-internacional\/Sentenca___Caso_Barbosa_de_Souza_e_Outros_v._Brasil.pdf\">A &#8211; Caso Barbosa de Souza e seus familiares<\/a>: Brasil &#8211; O caso submetido \u00e0 Corte. \u2013 Em 11 de julho de 2019 a Comiss\u00e3o Interamericana de Direitos Humanos (doravante denominada \u201ca Comiss\u00e3o Interamericana\u201d ou \u201ca Comiss\u00e3o\u201d) submeteu \u00e0 jurisdi\u00e7\u00e3o da Corte Interamericana o caso \u201cM\u00e1rcia Barbosa de Souza e seus familiares a respeito da Rep\u00fablica Federativa do Brasil\u201d (doravante denominado \u201co Estado\u201d, \u201co Estado do Brasil\u201d, ou \u201cBrasil\u201d), em conformidade com os artigos 51 e 61 da Conven\u00e7\u00e3o Americana.<\/strong><\/p>\n\n\n\n<p><\/p>\n\n\n\n<p><strong><a href=\"https:\/\/www.gov.br\/mdh\/pt-br\/navegue-por-temas\/atuacao-internacional\/editais-2018-1\/copy_of_FavelaNovaBrasiliaSentenca.pdf\">B &#8211; Caso Favela Nova Bras\u00edlia<\/a>: senten\u00e7a completa, de 16 de fevereiro de 2017 &#8211; O caso submetido \u00e0 Corte. &#8211; Em 19 de maio de 2015, a Comiss\u00e3o Interamericana de Direitos Humanos (doravante denominada \u201cComiss\u00e3o Interamericana\u201d ou \u201cComiss\u00e3o\u201d) submeteu \u00e0 Corte o caso Cosme Rosa Genoveva, Evandro de Oliveira e outros (Favela Nova Bras\u00edlia) contra a Rep\u00fablica Federativa do Brasil (doravante denominado \u201cEstado\u201d ou \u201cBrasil\u201d).<\/strong><\/p>\n\n\n\n<p><\/p>\n\n\n\n<p><strong><a href=\"https:\/\/www.gov.br\/mdh\/pt-br\/navegue-por-temas\/atuacao-internacional\/editais-2018-1\/FavelaNovaBrasiliaResumo.pdf\">C &#8211; Caso Favela Nova Bras\u00edlia<\/a>: resumo da senten\u00e7a &#8211; Em 16 de fevereiro de 2017, a Comiss\u00e3o Interamericana de Direitos Humanos proferiu Sente\u00e7a no caso Favela Nova Bras\u00edlia, atrav\u00e9s da qual declarou a responsabilidade internacional do Estado brasileiro pela viola\u00e7\u00e3o do direito \u00e0s garantias judicias de independ\u00eancia e imparcialidade da investiga\u00e7\u00e3o, devida dilig\u00eancia e prazo razo\u00e1vel, do direito \u00e0 prote\u00e7\u00e3o judicial, e do direito \u00e0 integridade pessoal com respeito \u00e0s investiga\u00e7\u00f5es sobre duas incurs\u00f5es policiais na Favela Nova Bras\u00edlia, na cidade do Rio de Janeiro, nos anos 1994 e 1995, que resultaram no homic\u00eddio de 26 homens e em atos de viol\u00eancia sexual contra tr\u00eas mulheres.<\/strong><\/p>\n\n\n\n<p><strong>Senten\u00e7a de 23 de setembro de 2009 &#8211; Em 24 de dezembro de 2007, conforme disposto nos artigos 51 e 61 da Conven\u00e7\u00e3o Americana, a Comiss\u00e3o Interamericana de Direitos Humanos (doravante \u201ca Comiss\u00e3o Interamericana\u201d ou \u201ca Comiss\u00e3o\u201d) submeteu \u00e0 Corte uma demanda contra a Rep\u00fablica Federativa do Brasil (doravante \u201co Estado\u201d, \u201co Brasil\u201d ou \u201ca Uni\u00e3o\u201d), a qual se originou da peti\u00e7\u00e3o apresentada em 6 de maio de 2003 pelas organiza\u00e7\u00f5es Justi\u00e7a Global, Rede Nacional de Advogados e Advogadas Populares (RENAP) e Movimento dos Trabalhadores Rurais Sem Terra (MST) em nome de S\u00e9timo Garibaldi (doravante denominado tamb\u00e9m \u201csenhor Garibaldi\u201d) e seus familiares<\/strong><\/p>\n\n\n\n<p><strong>Senten\u00e7a de 24 de novembro de 2010 &#8211; Em 26 de mar\u00e7o de 2009, em conformidade com o disposto nos artigos 51 e 61 da Conven\u00e7\u00e3o Americana, a Comiss\u00e3o Interamericana de Direitos Humanos (doravante \u201cComiss\u00e3o Interamericana\u201d ou \u201cComiss\u00e3o\u201d) submeteu \u00e0 Corte uma demanda contra a Rep\u00fablica Federativa do Brasil (doravante \u201co Estado\u201d, \u201cBrasil\u201d ou \u201ca Uni\u00e3o\u201d), que se originou na peti\u00e7\u00e3o apresentada, em 7 de agosto de 1995, pelo Centro pela Justi\u00e7a e o Direito Internacional (CEJIL) e pela Human Rights Watch\/Americas, em nome de pessoas desaparecidas no contexto da Guerrilha do Araguaia (doravante tamb\u00e9m denominada \u201cGuerrilha\u201d) e seus familiares2 . Em 6 de mar\u00e7o de 2001, a Comiss\u00e3o expediu o Relat\u00f3rio de Admissibilidade No. 33\/013 e, em 31 de outubro de 2008, aprovou o Relat\u00f3rio de M\u00e9rito No. 91\/08, nos termos do artigo 50 da Conven\u00e7\u00e3o, o qual continha determinadas recomenda\u00e7\u00f5es ao Estado4 . Esse relat\u00f3rio foi notificado ao Brasil em 21 de novembro de 2008, sendo-lhe concedido um prazo de dois meses para que informasse sobre as a\u00e7\u00f5es executadas com o prop\u00f3sito de implementar as recomenda\u00e7\u00f5es da Comiss\u00e3o.<\/strong><\/p>\n\n\n\n<p><strong>Resumo oficial emitido pela Corte Interamericana de Direitos Humanos<\/strong><br><strong><a href=\"https:\/\/www.gov.br\/mdh\/pt-br\/navegue-por-temas\/atuacao-internacional\/editais-2018-1\/sentenca_xucuru.pdf\">D &#8211; Caso Povo Ind\u00edgena Xucuru<\/a>: Senten\u00e7a de 5 de fevereiro de 2018 &#8211; O caso submetido \u00e0 Corte. \u2013 Em 16 de mar\u00e7o de 2016, a Comiss\u00e3o Interamericana de Direitos Humanos (doravante denominada \u201cComiss\u00e3o Interamericana\u201d ou \u201cComiss\u00e3o\u201d) submeteu \u00e0 Corte o Caso do Povo Ind\u00edgena Xucuru e seus membros contra a Rep\u00fablica Federativa do Brasil (doravante denominado \u201cEstado\u201d ou \u201cBrasil\u201d). De acordo com a Comiss\u00e3o, o caso se refere \u00e0 suposta viola\u00e7\u00e3o do direito \u00e0 propriedade coletiva e \u00e0 integridade pessoal do Povo Ind\u00edgena Xucuru, em consequ\u00eancia: i) da alegada demora de mais de 16 anos, entre 1989 e 2005, no processo administrativo de reconhecimento, titula\u00e7\u00e3o, demarca\u00e7\u00e3o e delimita\u00e7\u00e3o de suas terras e territ\u00f3rios ancestrais; e ii) da suposta demora na desintrus\u00e3o total dessas terras e territ\u00f3rios, para que o referido povo ind\u00edgena pudesse exercer pacificamente esse direito.<\/strong><\/p>\n\n\n\n<p><\/p>\n\n\n\n<p><strong><a href=\"https:\/\/www.gov.br\/mdh\/pt-br\/navegue-por-temas\/atuacao-internacional\/editais-2018-1\/Sentena_Caso_Herzog.pdf\">E &#8211; Caso Vladimir Herzog<\/a>: Senten\u00e7a de 15 de mar\u00e7o de 2018 &#8211; O caso submetido \u00e0 Corte. &#8211; Em 22 de abril de 2016, a Comiss\u00e3o Interamericana de Direitos Humanos (doravante denominada \u201cComiss\u00e3o Interamericana\u201d ou \u201cComiss\u00e3o\u201d) submeteu \u00e0 Corte o Caso Vladimir Herzog e outros contra a Rep\u00fablica Federativa do Brasil (doravante denominado \u201cEstado\u201d ou \u201cBrasil\u201d). De acordo com informa\u00e7\u00f5es da Comiss\u00e3o, o caso se refere \u00e0 suposta responsabilidade internacional do Estado pela situa\u00e7\u00e3o de impunidade em que se encontram a deten\u00e7\u00e3o arbitr\u00e1ria, a tortura e a morte do jornalista Vladimir Herzog, ocorridas em 25 de outubro de 1975, durante a ditadura militar. Essa impunidade seria causada, entre outros, pela Lei No. 6.683\/79 (Lei de Anistia), promulgada durante a ditadura militar brasileira.<\/strong><\/p>\n\n\n\n<p><strong><a href=\"https:\/\/www.gov.br\/mdh\/pt-br\/navegue-por-temas\/atuacao-internacional\/seriec_161_por.pdf\">F &#8211; Caso Nogueira de Carvalho<\/a> &#8211; Em 13 de janeiro de 2005, em conformidade com o disposto nos artigos 50 e 61 da Conven\u00e7\u00e3o Americana, a Comiss\u00e3o Interamericana de Direitos Humanos (doravante denominada \u201cComiss\u00e3o Interamericana\u201d ou \u201cComiss\u00e3o\u201d) submeteu \u00e0 Corte uma demanda contra a Rep\u00fablica Federativa do Brasil (doravante denominado \u201cEstado\u201d ou \u201cBrasil\u201d), a qual se originou com base na den\u00fancia n\u00ba 12.058, recebida na Secretaria da Comiss\u00e3o em 11 de dezembro de 1997.<\/strong><\/p>\n\n\n\n<p><\/p>\n\n\n\n<p><strong><a href=\"https:\/\/www.gov.br\/mdh\/pt-br\/navegue-por-temas\/atuacao-internacional\/seriec_149_por.pdf\">G &#8211; Caso Ximenes Lopes<\/a> &#8211; Em 1\u00ba de outubro de 2004, em conformidade com o disposto nos artigos 50 e 61 da Conven\u00e7\u00e3o Americana, a Comiss\u00e3o Interamericana de Direitos Humanos (doravante denominada \u201cComiss\u00e3o Interamericana\u201d ou \u201cComiss\u00e3o\u201d) submeteu \u00e0 Corte uma demanda contra a Rep\u00fablica Federativo do Brasil (doravante denominado \u201cEstado\u201d ou \u201cBrasil\u201d), a qual se originou na den\u00fancia n\u00ba 12.237, recebida na Secretaria da Comiss\u00e3o em 22 de novembro de 1999.<\/strong><\/p>\n\n\n\n<p><\/p>\n\n\n\n<p><strong><a href=\"https:\/\/www.gov.br\/mdh\/pt-br\/navegue-por-temas\/atuacao-internacional\/seriec_200_por.pdf\">H &#8211; Caso Escher<\/a> &#8211; Em 20 de dezembro de 2007, em conformidade com o disposto nos artigos 51 e 61 da Conven\u00e7\u00e3o Americana, a Comiss\u00e3o Interamericana de Direitos Humanos (doravante \u201ca Comiss\u00e3o Interamericana\u201d ou \u201ca Comiss\u00e3o\u201d) submeteu \u00e0 Corte uma demanda contra a Rep\u00fablica Federativa do Brasil (doravante \u201co Estado\u201d ou \u201co Brasil\u201d), a qual se originou da peti\u00e7\u00e3o apresentada em 26 de dezembro de 2000, pelas organiza\u00e7\u00f5es Rede Nacional de Advogados Populares e Justi\u00e7a Global em nome dos membros das organiza\u00e7\u00f5es Cooperativa Agr\u00edcola de Concilia\u00e7\u00e3o Avante Ltda. (doravante \u201cCOANA\u201d) e Associa\u00e7\u00e3o Comunit\u00e1ria de Trabalhadores Rurais (doravante \u201cADECON&#8221;). Em 2 de mar\u00e7o de 2006, a Comiss\u00e3o declarou admiss\u00edvel o caso mediante o Relat\u00f3rio No. 18\/06 e, em 8 de mar\u00e7o de 2007, conforme os termos do artigo 50 da Conven\u00e7\u00e3o, aprovou o Relat\u00f3rio de M\u00e9rito No. 14\/07, o qual continha determinadas recomenda\u00e7\u00f5es para o Estado.<\/strong><\/p>\n\n\n\n<p><\/p>\n\n\n\n<h3 class=\"has-text-align-left wp-block-heading\"><strong>IV &#8211; Decis\u00f5es pol\u00eamicas do STF sobre aplica\u00e7\u00e3o da CF<\/strong><\/h3>\n\n\n\n<p><strong><a href=\"https:\/\/portal.stf.jus.br\/noticias\/verNoticiaDetalhe.asp?idConteudo=460320&amp;ori=1\">1 &#8211; STF conclui que direito ao esquecimento \u00e9 incompat\u00edvel com a Constitui\u00e7\u00e3o Federal<\/a><\/strong> <strong>&#8211; Eventuais excessos ou abusos no exerc\u00edcio da liberdade de express\u00e3o e de informa\u00e7\u00e3o devem ser analisados caso a caso.<\/strong><\/p>\n\n\n\n<p><strong><a href=\"https:\/\/www.cjf.jus.br\/caju\/Efeito.Backlash.Jurisdicao.Constitucional_1.pdf\">2 &#8211; Efeito Backlash da Jurisdi\u00e7\u00e3o Constitucional<\/a>: rea\u00e7\u00f5es pol\u00edticas ao<br>ativismo judicial &#8211; Por George Marmelstein &#8211; Texto-base de palestra proferida durante o Terceiro Semin\u00e1rio \u00cdtalo-Brasileiro,<br>proferida em outubro de 2016, em Bolonha-It\u00e1lia.<\/strong><\/p>\n\n\n\n<p><\/p>\n\n\n\n<p><\/p>\n","protected":false},"excerpt":{"rendered":"<p>Links recomendados para leitura. I &#8211; Tratados internacionais ratificados pelo Brasil A) Sistema Globala) Declara\u00e7\u00e3o Universal dos Direitos Humanos \u2013 1948 b) Declara\u00e7\u00e3o do Direito ao Desenvolvimento \u2013 1986 c) Declara\u00e7\u00e3o do Direito ao Desenvolvimento \u2013 1986 d) Declara\u00e7\u00e3o do Direito ao Desenvolvimento \u2013 1986 e) Declara\u00e7\u00e3o Programa de A\u00e7\u00e3o de Viena -1993 f- Declara\u00e7\u00e3o&hellip; <a href=\"https:\/\/repositoriododireito.ufn.edu.br\/?page_id=1353\" class=\"more-link\">Continuar lendo <span class=\"screen-reader-text\">Saiba Mais<\/span><\/a><\/p>\n","protected":false},"author":3,"featured_media":0,"parent":0,"menu_order":0,"comment_status":"closed","ping_status":"closed","template":"","meta":{"footnotes":""},"tags":[],"class_list":["post-1353","page","type-page","status-publish","hentry","without-featured-image"],"jetpack_sharing_enabled":true,"_links":{"self":[{"href":"https:\/\/repositoriododireito.ufn.edu.br\/index.php?rest_route=\/wp\/v2\/pages\/1353","targetHints":{"allow":["GET"]}}],"collection":[{"href":"https:\/\/repositoriododireito.ufn.edu.br\/index.php?rest_route=\/wp\/v2\/pages"}],"about":[{"href":"https:\/\/repositoriododireito.ufn.edu.br\/index.php?rest_route=\/wp\/v2\/types\/page"}],"author":[{"embeddable":true,"href":"https:\/\/repositoriododireito.ufn.edu.br\/index.php?rest_route=\/wp\/v2\/users\/3"}],"replies":[{"embeddable":true,"href":"https:\/\/repositoriododireito.ufn.edu.br\/index.php?rest_route=%2Fwp%2Fv2%2Fcomments&post=1353"}],"version-history":[{"count":17,"href":"https:\/\/repositoriododireito.ufn.edu.br\/index.php?rest_route=\/wp\/v2\/pages\/1353\/revisions"}],"predecessor-version":[{"id":1772,"href":"https:\/\/repositoriododireito.ufn.edu.br\/index.php?rest_route=\/wp\/v2\/pages\/1353\/revisions\/1772"}],"wp:attachment":[{"href":"https:\/\/repositoriododireito.ufn.edu.br\/index.php?rest_route=%2Fwp%2Fv2%2Fmedia&parent=1353"}],"wp:term":[{"taxonomy":"post_tag","embeddable":true,"href":"https:\/\/repositoriododireito.ufn.edu.br\/index.php?rest_route=%2Fwp%2Fv2%2Ftags&post=1353"}],"curies":[{"name":"wp","href":"https:\/\/api.w.org\/{rel}","templated":true}]}}