{"id":2158,"date":"2023-07-19T23:59:34","date_gmt":"2023-07-20T02:59:34","guid":{"rendered":"https:\/\/repositoriododireito.ufn.edu.br\/?page_id=2158"},"modified":"2025-03-06T00:08:26","modified_gmt":"2025-03-06T03:08:26","slug":"tecnologias-assistivas","status":"publish","type":"page","link":"https:\/\/repositoriododireito.ufn.edu.br\/?page_id=2158","title":{"rendered":"Tecnologias Assistivas"},"content":{"rendered":"\n<p><strong>Esta aba \u00e9 destinada ao compartilhamento de informa\u00e7\u00f5es pertinentes \u00e0s Tecnologias Assistivas, informando sobre as ferramentas de acessibilidade dispon\u00edveis.<\/strong><br><em>(o link abaixo leva diretamente a uma tabela onde s\u00e3o categorizadas as ferramentas)<\/em><\/p>\n\n\n\n<p><\/p>\n\n\n\n<h3 class=\"wp-block-heading\"><a href=\"https:\/\/docs.google.com\/spreadsheets\/d\/1g1gbUOdneyCDgSwvi1EYstswuKjnZUDB\/edit?usp=sharing&amp;ouid=107978973017758507531&amp;rtpof=true&amp;sd=true\">Tecnologias Assistivas<\/a><\/h3>\n\n\n\n<p><\/p>\n\n\n\n<p>Ademais, segue em anexo os seguintes cards pertinentes no formato de PDF:<\/p>\n\n\n\n<div data-wp-interactive=\"core\/file\" class=\"wp-block-file\"><object data-wp-bind--hidden=\"!state.hasPdfPreview\" hidden class=\"wp-block-file__embed\" data=\"https:\/\/repositoriododireito.ufn.edu.br\/wp-content\/uploads\/2024\/10\/Civiam-1.pdf\" type=\"application\/pdf\" style=\"width:100%;height:600px\" aria-label=\"Incorporado de CIVIAM.\"><\/object><a id=\"wp-block-file--media-2c8d66fe-fd01-4472-b7b8-c4c8da992107\" href=\"https:\/\/repositoriododireito.ufn.edu.br\/wp-content\/uploads\/2024\/10\/Civiam-1.pdf\">CIVIAM<\/a><a href=\"https:\/\/repositoriododireito.ufn.edu.br\/wp-content\/uploads\/2024\/10\/Civiam-1.pdf\" class=\"wp-block-file__button wp-element-button\" download aria-describedby=\"wp-block-file--media-2c8d66fe-fd01-4472-b7b8-c4c8da992107\">Baixar<\/a><\/div>\n\n\n\n<div data-wp-interactive=\"core\/file\" class=\"wp-block-file\"><object data-wp-bind--hidden=\"!state.hasPdfPreview\" hidden class=\"wp-block-file__embed\" data=\"https:\/\/repositoriododireito.ufn.edu.br\/wp-content\/uploads\/2024\/10\/colibri-1.pdf\" type=\"application\/pdf\" style=\"width:100%;height:600px\" aria-label=\"Incorporado de COLIBRI.\"><\/object><a id=\"wp-block-file--media-4f88d7d2-9407-494c-bcbb-616a4e6b9c22\" href=\"https:\/\/repositoriododireito.ufn.edu.br\/wp-content\/uploads\/2024\/10\/colibri-1.pdf\">COLIBRI<\/a><a href=\"https:\/\/repositoriododireito.ufn.edu.br\/wp-content\/uploads\/2024\/10\/colibri-1.pdf\" class=\"wp-block-file__button wp-element-button\" download aria-describedby=\"wp-block-file--media-4f88d7d2-9407-494c-bcbb-616a4e6b9c22\">Baixar<\/a><\/div>\n\n\n\n<div data-wp-interactive=\"core\/file\" class=\"wp-block-file\"><object data-wp-bind--hidden=\"!state.hasPdfPreview\" hidden class=\"wp-block-file__embed\" data=\"https:\/\/repositoriododireito.ufn.edu.br\/wp-content\/uploads\/2024\/10\/Expressia-1.pdf\" type=\"application\/pdf\" style=\"width:100%;height:600px\" aria-label=\"Incorporado de EXPRESSIA.\"><\/object><a id=\"wp-block-file--media-3018895d-ce29-4d8f-b35d-a2076eba7477\" href=\"https:\/\/repositoriododireito.ufn.edu.br\/wp-content\/uploads\/2024\/10\/Expressia-1.pdf\">EXPRESSIA<\/a><a href=\"https:\/\/repositoriododireito.ufn.edu.br\/wp-content\/uploads\/2024\/10\/Expressia-1.pdf\" class=\"wp-block-file__button wp-element-button\" download aria-describedby=\"wp-block-file--media-3018895d-ce29-4d8f-b35d-a2076eba7477\">Baixar<\/a><\/div>\n\n\n\n<div data-wp-interactive=\"core\/file\" class=\"wp-block-file\"><object data-wp-bind--hidden=\"!state.hasPdfPreview\" hidden class=\"wp-block-file__embed\" data=\"https:\/\/repositoriododireito.ufn.edu.br\/wp-content\/uploads\/2024\/10\/HAND-TALK.pdf\" type=\"application\/pdf\" style=\"width:100%;height:600px\" aria-label=\"Incorporado de HAND TALK.\"><\/object><a id=\"wp-block-file--media-61b717bc-1cca-4c00-9e45-4a6ee9378d7d\" href=\"https:\/\/repositoriododireito.ufn.edu.br\/wp-content\/uploads\/2024\/10\/HAND-TALK.pdf\">HAND TALK<\/a><a href=\"https:\/\/repositoriododireito.ufn.edu.br\/wp-content\/uploads\/2024\/10\/HAND-TALK.pdf\" class=\"wp-block-file__button wp-element-button\" download aria-describedby=\"wp-block-file--media-61b717bc-1cca-4c00-9e45-4a6ee9378d7d\">Baixar<\/a><\/div>\n\n\n\n<div data-wp-interactive=\"core\/file\" class=\"wp-block-file\"><object data-wp-bind--hidden=\"!state.hasPdfPreview\" hidden class=\"wp-block-file__embed\" data=\"https:\/\/repositoriododireito.ufn.edu.br\/wp-content\/uploads\/2024\/10\/matraquinha-1.pdf\" type=\"application\/pdf\" style=\"width:100%;height:600px\" aria-label=\"Incorporado de MATRAQUINHA.\"><\/object><a id=\"wp-block-file--media-afbf7331-db28-4ac4-850b-ead422053e57\" href=\"https:\/\/repositoriododireito.ufn.edu.br\/wp-content\/uploads\/2024\/10\/matraquinha-1.pdf\">MATRAQUINHA<\/a><a href=\"https:\/\/repositoriododireito.ufn.edu.br\/wp-content\/uploads\/2024\/10\/matraquinha-1.pdf\" class=\"wp-block-file__button wp-element-button\" download aria-describedby=\"wp-block-file--media-afbf7331-db28-4ac4-850b-ead422053e57\">Baixar<\/a><\/div>\n\n\n\n<div data-wp-interactive=\"core\/file\" class=\"wp-block-file\"><object data-wp-bind--hidden=\"!state.hasPdfPreview\" hidden class=\"wp-block-file__embed\" data=\"https:\/\/repositoriododireito.ufn.edu.br\/wp-content\/uploads\/2024\/10\/seeing-ai.pdf\" type=\"application\/pdf\" style=\"width:100%;height:600px\" aria-label=\"Incorporado de SEEING AI.\"><\/object><a id=\"wp-block-file--media-0558ff27-2bb8-4cd5-92d6-ef543a8e6812\" href=\"https:\/\/repositoriododireito.ufn.edu.br\/wp-content\/uploads\/2024\/10\/seeing-ai.pdf\">SEEING AI<\/a><a href=\"https:\/\/repositoriododireito.ufn.edu.br\/wp-content\/uploads\/2024\/10\/seeing-ai.pdf\" class=\"wp-block-file__button wp-element-button\" download aria-describedby=\"wp-block-file--media-0558ff27-2bb8-4cd5-92d6-ef543a8e6812\">Baixar<\/a><\/div>\n\n\n\n<div data-wp-interactive=\"core\/file\" class=\"wp-block-file\"><object data-wp-bind--hidden=\"!state.hasPdfPreview\" hidden class=\"wp-block-file__embed\" data=\"https:\/\/repositoriododireito.ufn.edu.br\/wp-content\/uploads\/2024\/10\/TelepatiX-1.pdf\" type=\"application\/pdf\" style=\"width:100%;height:600px\" aria-label=\"Incorporado de TELEPATIX.\"><\/object><a id=\"wp-block-file--media-c975c42c-80b8-43c1-9c51-892fb6bd4edf\" href=\"https:\/\/repositoriododireito.ufn.edu.br\/wp-content\/uploads\/2024\/10\/TelepatiX-1.pdf\">TELEPATIX<\/a><a href=\"https:\/\/repositoriododireito.ufn.edu.br\/wp-content\/uploads\/2024\/10\/TelepatiX-1.pdf\" class=\"wp-block-file__button wp-element-button\" download aria-describedby=\"wp-block-file--media-c975c42c-80b8-43c1-9c51-892fb6bd4edf\">Baixar<\/a><\/div>\n\n\n\n<div data-wp-interactive=\"core\/file\" class=\"wp-block-file\"><object data-wp-bind--hidden=\"!state.hasPdfPreview\" hidden class=\"wp-block-file__embed\" data=\"https:\/\/repositoriododireito.ufn.edu.br\/wp-content\/uploads\/2024\/10\/bee-my-eyes.pdf\" type=\"application\/pdf\" style=\"width:100%;height:600px\" aria-label=\"Incorporado de BEE MY EYES.\"><\/object><a id=\"wp-block-file--media-67e95421-60e6-4e1c-95ff-ca14621fad59\" href=\"https:\/\/repositoriododireito.ufn.edu.br\/wp-content\/uploads\/2024\/10\/bee-my-eyes.pdf\">BEE MY EYES<\/a><a href=\"https:\/\/repositoriododireito.ufn.edu.br\/wp-content\/uploads\/2024\/10\/bee-my-eyes.pdf\" class=\"wp-block-file__button wp-element-button\" download aria-describedby=\"wp-block-file--media-67e95421-60e6-4e1c-95ff-ca14621fad59\">Baixar<\/a><\/div>\n\n\n\n<p><\/p>\n","protected":false},"excerpt":{"rendered":"<p>Esta aba \u00e9 destinada ao compartilhamento de informa\u00e7\u00f5es pertinentes \u00e0s Tecnologias Assistivas, informando sobre as ferramentas de acessibilidade dispon\u00edveis.(o link abaixo leva diretamente a uma tabela onde s\u00e3o categorizadas as ferramentas) Tecnologias Assistivas Ademais, segue em anexo os seguintes cards pertinentes no formato de PDF:<\/p>\n","protected":false},"author":3,"featured_media":0,"parent":0,"menu_order":0,"comment_status":"closed","ping_status":"closed","template":"","meta":{"footnotes":""},"tags":[],"class_list":["post-2158","page","type-page","status-publish","hentry","without-featured-image"],"jetpack_sharing_enabled":true,"_links":{"self":[{"href":"https:\/\/repositoriododireito.ufn.edu.br\/index.php?rest_route=\/wp\/v2\/pages\/2158","targetHints":{"allow":["GET"]}}],"collection":[{"href":"https:\/\/repositoriododireito.ufn.edu.br\/index.php?rest_route=\/wp\/v2\/pages"}],"about":[{"href":"https:\/\/repositoriododireito.ufn.edu.br\/index.php?rest_route=\/wp\/v2\/types\/page"}],"author":[{"embeddable":true,"href":"https:\/\/repositoriododireito.ufn.edu.br\/index.php?rest_route=\/wp\/v2\/users\/3"}],"replies":[{"embeddable":true,"href":"https:\/\/repositoriododireito.ufn.edu.br\/index.php?rest_route=%2Fwp%2Fv2%2Fcomments&post=2158"}],"version-history":[{"count":13,"href":"https:\/\/repositoriododireito.ufn.edu.br\/index.php?rest_route=\/wp\/v2\/pages\/2158\/revisions"}],"predecessor-version":[{"id":2684,"href":"https:\/\/repositoriododireito.ufn.edu.br\/index.php?rest_route=\/wp\/v2\/pages\/2158\/revisions\/2684"}],"wp:attachment":[{"href":"https:\/\/repositoriododireito.ufn.edu.br\/index.php?rest_route=%2Fwp%2Fv2%2Fmedia&parent=2158"}],"wp:term":[{"taxonomy":"post_tag","embeddable":true,"href":"https:\/\/repositoriododireito.ufn.edu.br\/index.php?rest_route=%2Fwp%2Fv2%2Ftags&post=2158"}],"curies":[{"name":"wp","href":"https:\/\/api.w.org\/{rel}","templated":true}]}}