{"id":2231,"date":"2023-08-30T16:22:49","date_gmt":"2023-08-30T19:22:49","guid":{"rendered":"https:\/\/repositoriododireito.ufn.edu.br\/?page_id=2231"},"modified":"2025-03-26T15:16:19","modified_gmt":"2025-03-26T18:16:19","slug":"artigos-publicados-pelos-pesquisadores","status":"publish","type":"page","link":"https:\/\/repositoriododireito.ufn.edu.br\/?page_id=2231","title":{"rendered":"PRODU\u00c7\u00c3O DOS PESQUISADORES DO PROJETO"},"content":{"rendered":"\n<p><strong>Projeto: O Direito \u00e0 sa\u00fade e \u00e0 educa\u00e7\u00e3o de Crian\u00e7as e Adolescentes em tempos de pandemia: a atua\u00e7\u00e3o dos entes p\u00fablicos brasileiros na efetiva\u00e7\u00e3o de direitos fundamentais.<\/strong><\/p>\n\n\n\n<p>Edital: Chamada CNPq\/MCTI\/FNDCT No 18\/2021 \u2013 Faixa A \u2013 Grupos Emergentes.<\/p>\n\n\n\n<p class=\"has-text-align-center\"><strong>PRODU\u00c7\u00c3O DOS DOCENTES<\/strong><\/p>\n\n\n\n<figure class=\"wp-block-table\"><table class=\"has-fixed-layout\"><thead><tr><td><strong>T\u00edtulo da Revista\/Livro<\/strong><\/td><td><strong>T\u00edtulo do Artigo\/Cap\u00edtulo<\/strong><\/td><td><strong>Autores<\/strong><\/td><td><strong>Link de Acesso<\/strong><\/td><\/tr><\/thead><tbody><tr><td>Direito \u00e0 Sa\u00fade e \u00e0 Educa\u00e7\u00e3o de Crian\u00e7as e Adolescentes em tempos de Pandemia: Vol. 2<\/td><td>A ADPF 976, os direitos fundamentaise a massiva viola\u00e7\u00e3o dos direitos daspessoas em situa\u00e7\u00e3o de rua: impactossobre a inf\u00e2ncia e a adolesc\u00eancia<\/td><td>Jaci Rene Costa Garcia;Jo\u00e3o H\u00e9lio Ferreira Pes<\/td><td><a href=\"https:\/\/www.habituseditora.com.br\/arquivos\/145953051724093960.9299.pdf\">https:\/\/www.habituseditora.com.br\/arquivos\/145953051724093960.9299.pdf<\/a><\/td><\/tr><tr><td>Direito \u00e0 Sa\u00fade e \u00e0 Educa\u00e7\u00e3o de Crian\u00e7as e Adolescentes em tempos de Pandemia: Vol. 2<\/td><td>Adultiza\u00e7\u00e3o precoce, sexualiza\u00e7\u00e3oInfantil e outros fen\u00f4menos decorrentesDa exposi\u00e7\u00e3o de crian\u00e7as e adolescentesEm ambiente virtual no per\u00edodo pand\u00eamico<\/td><td>Jo\u00e3o H\u00e9lio Ferreira Pes; Jaci Rene Costa Garcia; Lara Gabrielle Oliveira de Lima<\/td><td>&nbsp;<a href=\"https:\/\/www.habituseditora.com.br\/arquivos\/145953051724093960.9299.pdf\">https:\/\/www.habituseditora.com.br\/arquivos\/145953051724093960.9299.pdf<\/a><\/td><\/tr><tr><td>Direito \u00e0 Sa\u00fade e \u00e0 Educa\u00e7\u00e3o de Crian\u00e7as e Adolescentes em tempos de Pandemia: Vol. 1<\/td><td>A repercuss\u00e3o da jurisdi\u00e7\u00e3o constitucional na atua\u00e7\u00e3o dos entes federativos para proteger crian\u00e7as e adolescentes na pandemia<\/td><td>Jo\u00e3o H\u00e9lio Ferreira Pes; Nicollas Guerin Leal; Fernanda Alves Xaviel; Lucas Lopes Kuffel; Jo\u00e3o Antonio de Menezes Perobelli<\/td><td><a href=\"https:\/\/www.habituseditora.com.br\/arquivos\/373026061702987430.8315.pdf\">https:\/\/www.habituseditora.com.br\/arquivos\/373026061702987430.8315.pdf<\/a><\/td><\/tr><tr><td>Direito \u00e0 Sa\u00fade e \u00e0 Educa\u00e7\u00e3o de Crian\u00e7as e Adolescentes em tempos de Pandemia: Vol. 2<\/td><td>A sa\u00fade na gest\u00e3o da viol\u00eancia dom\u00e9sticaContra crian\u00e7as e adolescentes e aIncid\u00eancia da doutrina da prote\u00e7\u00e3o integral<\/td><td>H\u00e9len Rejane Silva Maciel Diogo; Josiane Rose Petry Veronese<\/td><td><a href=\"https:\/\/www.habituseditora.com.br\/arquivos\/145953051724093960.9299.pdf\">https:\/\/www.habituseditora.com.br\/arquivos\/145953051724093960.9299.pdf<\/a><\/td><\/tr><tr><td>Direito \u00e0 Sa\u00fade e \u00e0 Educa\u00e7\u00e3o de Crian\u00e7as e Adolescentes em tempos de Pandemia: Vol. 2<\/td><td>A acessibilidade educacional no ensinoRemoto e o cen\u00e1rio das crian\u00e7as comDefici\u00eancia durante a pandemia da covid-19<\/td><td>Amanda Avansini Arruda; Josiane Rose Petry Veronese<\/td><td><a href=\"https:\/\/www.habituseditora.com.br\/arquivos\/145953051724093960.9299.pdf\">https:\/\/www.habituseditora.com.br\/arquivos\/145953051724093960.9299.pdf<\/a><\/td><\/tr><tr><td>Direito \u00e0 Sa\u00fade e \u00e0 Educa\u00e7\u00e3o de Crian\u00e7as e Adolescentes em tempos de Pandemia: Vol. 2<\/td><td>Direito \u00e0 sa\u00fade e \u00e0 educa\u00e7\u00e3o de crian\u00e7asE adolescentes no per\u00edodo da pandemia:Das orienta\u00e7\u00f5es internacionais da unicef\u00c0 (in)a\u00e7\u00e3o do estado brasileiro<\/td><td>Rosane Leal da Silva; Laura Farencena Dotto<\/td><td><a href=\"https:\/\/www.habituseditora.com.br\/arquivos\/145953051724093960.9299.pdf\">https:\/\/www.habituseditora.com.br\/arquivos\/145953051724093960.9299.pdf<\/a><\/td><\/tr><tr><td>Direito \u00e0 Sa\u00fade e \u00e0 Educa\u00e7\u00e3o de Crian\u00e7as e Adolescentes em tempos de Pandemia: Vol. 2<\/td><td>Crian\u00e7as e adolescentes expostosEm rede: o direito ao esquecimentoComo possibilidade de prote\u00e7\u00e3o<\/td><td>Isadora Borochedes da Silva; Li\u00e9ge Alendes de Souza<\/td><td><a href=\"https:\/\/www.habituseditora.com.br\/arquivos\/145953051724093960.9299.pdf\">https:\/\/www.habituseditora.com.br\/arquivos\/145953051724093960.9299.pdf<\/a><\/td><\/tr><tr><td>Direito \u00e0 Sa\u00fade e \u00e0 Educa\u00e7\u00e3o de Crian\u00e7as e Adolescentes em tempos de Pandemia: Vol. 2<\/td><td>Vacina\u00e7\u00e3o de crian\u00e7as e direito \u00e0Educa\u00e7\u00e3o: as a\u00e7\u00f5es do minist\u00e9rio p\u00fablicoDurante a pandemia da covid-19<\/td><td>Moacir Silva do Nascimento J\u00fanior<\/td><td><a href=\"https:\/\/www.habituseditora.com.br\/arquivos\/145953051724093960.9299.pdf\">https:\/\/www.habituseditora.com.br\/arquivos\/145953051724093960.9299.pdf<\/a><\/td><\/tr><tr><td>Direito \u00e0 Sa\u00fade e \u00e0 Educa\u00e7\u00e3o de Crian\u00e7as e Adolescentes em tempos de Pandemia: Vol. 2<\/td><td>Crian\u00e7as e adolescentes e osReflexos do p\u00f3s-pandemia covid-19:Desenvolvimento, redu\u00e7\u00e3o dasDesigualdades e o direito a ter direitos<\/td><td>Rosane Beatriz Mariano da Rocha Terra<\/td><td><a href=\"https:\/\/www.habituseditora.com.br\/arquivos\/145953051724093960.9299.pdf\">https:\/\/www.habituseditora.com.br\/arquivos\/145953051724093960.9299.pdf<\/a><\/td><\/tr><tr><td>Direito \u00e0 Sa\u00fade e \u00e0 Educa\u00e7\u00e3o de Crian\u00e7as e Adolescentes em tempos de Pandemia: Vol. 1<\/td><td>A educa\u00e7\u00e3o de crian\u00e7as e adolescentes com defici\u00eancia: a tecnologia assistiva como ferramenta para a inclus\u00e3o social<\/td><td>Rosane Leal da Silva<\/td><td><a href=\"https:\/\/www.habituseditora.com.br\/arquivos\/373026061702987430.8315.pdf\">https:\/\/www.habituseditora.com.br\/arquivos\/373026061702987430.8315.pdf<\/a><\/td><\/tr><tr><td>Direito \u00e0 Sa\u00fade e \u00e0 Educa\u00e7\u00e3o de Crian\u00e7as e Adolescentes em tempos de Pandemia: Vol. 1<\/td><td>Os reflexos da desinforma\u00e7\u00e3o social sobre a vacina\u00e7\u00e3o da covid-19 em crian\u00e7as e adolescentes<\/td><td>Ana Carolina Sassi; Rosane Leal da Silva<\/td><td><a href=\"https:\/\/www.habituseditora.com.br\/arquivos\/373026061702987430.8315.pdf\">https:\/\/www.habituseditora.com.br\/arquivos\/373026061702987430.8315.pdf<\/a><\/td><\/tr><tr><td>Di\u00e1logos de Direito Constitucional Aplicado: Vol. 2<\/td><td>As pol\u00edticas p\u00fablicas para crian\u00e7as eAdolescentes portadores de defici\u00eancia naPandemia<\/td><td>Rosane Beatriz Mariano da Rocha Barcellos Terra<\/td><td><a href=\"https:\/\/drive.google.com\/file\/d\/19IFCketFmUkYhzslGqVfSWASl1BF8ueR\/view\">https:\/\/drive.google.com\/file\/d\/19IFCketFmUkYhzslGqVfSWASl1BF8ueR\/view<\/a><\/td><\/tr><tr><td>Di\u00e1logos de Direito Constitucional Aplicado: Vol. 2<\/td><td>O direito constitucional \u00e0 educa\u00e7\u00e3o emTempos de pandemia: o uso de plataformasEducativas e os riscos aos dados pessoais deCrian\u00e7as e adolescentes<\/td><td>Rosane Leal da Silva<\/td><td><a href=\"https:\/\/drive.google.com\/file\/d\/19IFCketFmUkYhzslGqVfSWASl1BF8ueR\/view\">https:\/\/drive.google.com\/file\/d\/19IFCketFmUkYhzslGqVfSWASl1BF8ueR\/view<\/a><\/td><\/tr><tr><td>Revista Disciplinarium Scientia &#8211; Ci\u00eancias Sociais Aplicadas(UFN)<\/td><td>O direito \u00e0 educa\u00e7\u00e3o inclusiva no Brasil: estrat\u00e9gias de acessibilidade para crian\u00e7as e adolescentes com defici\u00eancia<\/td><td>Izadora Dur\u00e3o Rossi; Rosane Leal da Silva<\/td><td><a href=\"https:\/\/periodicos.ufn.edu.br\/index.php\/disciplinarumSA\/article\/view\/4700\">https:\/\/periodicos.ufn.edu.br\/index.php\/disciplinarumSA\/article\/view\/4700<\/a>&nbsp;<\/td><\/tr><tr><td>Revista Disciplinarium Scientia &#8211; Ci\u00eancias Sociais Aplicadas(UFN)<\/td><td>Pol\u00edticas p\u00fablicas de sa\u00fade e educa\u00e7\u00e3o no cen\u00e1rio da pandemia da Covid-19: uma an\u00e1lise de resultados e das consequ\u00eancias diretas e indiretas vivenciadas por crian\u00e7as e adolescentes&nbsp;<\/td><td>Rosane Beatris Mariano da Rocha Barcellos Terra&nbsp;<\/td><td><a href=\"https:\/\/periodicos.ufn.edu.br\/index.php\/disciplinarumSA\/article\/view\/5309\">https:\/\/periodicos.ufn.edu.br\/index.php\/disciplinarumSA\/article\/view\/5309<\/a>&nbsp;<\/td><\/tr><\/tbody><\/table><\/figure>\n\n\n\n<p><\/p>\n\n\n\n<p class=\"has-text-align-center\"><strong>PALESTRAS PROFERIDAS<\/strong><\/p>\n\n\n\n<figure class=\"wp-block-table\"><table class=\"has-fixed-layout\"><tbody><tr><td class=\"has-text-align-center\" data-align=\"center\"><strong>Palestra proferida<\/strong><\/td><td class=\"has-text-align-center\" data-align=\"center\"><strong>Apresentadores<\/strong><\/td><\/tr><tr><td class=\"has-text-align-center\" data-align=\"center\">Fundamenta\u00e7\u00e3o da Decis\u00e3o Judicial no C\u00f3digo de Processo Civil: o retrocesso do par\u00e1grafo segundo do artigo 489 no contexto do Estado Democr\u00e1tico de Direito<\/td><td class=\"has-text-align-center\" data-align=\"center\">Jaci Rene Costa Garcia<\/td><\/tr><tr><td class=\"has-text-align-center\" data-align=\"center\">A fam\u00edlia e o estado e o interesse p\u00fablico: algumas dificuldades na resolu\u00e7\u00e3o de casos de remo\u00e7\u00e3o<\/td><td class=\"has-text-align-center\" data-align=\"center\">Jaci Rene Costa Garcia; Jo\u00e3o H\u00e9lio Ferreira Pes<\/td><\/tr><tr><td class=\"has-text-align-center\" data-align=\"center\">A dignidade da pessoa humana e o Supremo Tribunal Federal: uma an\u00e1lise da decis\u00e3o na ADPF 976<\/td><td class=\"has-text-align-center\" data-align=\"center\">Jaci Rene Costa Garcia; Jo\u00e3o H\u00e9lio Ferreira Pes<\/td><\/tr><tr><td class=\"has-text-align-center\" data-align=\"center\">O Tema 548 no Supremo Tribunal Federal: a prote\u00e7\u00e3o integral e a crian\u00e7a como prioridade absoluta<\/td><td class=\"has-text-align-center\" data-align=\"center\">Jaci Rene Costa Garcia<\/td><\/tr><tr><td class=\"has-text-align-center\" data-align=\"center\">O direito constitucional \u00e0 educa\u00e7\u00e3o de crian\u00e7as e adolescentes: considera\u00e7\u00f5es sobre a apropria\u00e7\u00e3o dos princ\u00edpios da prioridade absoluta e da prote\u00e7\u00e3o integral<\/td><td class=\"has-text-align-center\" data-align=\"center\">Jaci Rene Costa Garcia<\/td><\/tr><tr><td class=\"has-text-align-center\" data-align=\"center\">O Estado de Coisas Inconstitucional (ECI) e a viola\u00e7\u00e3o dos Direitos Fundamentais no Brasil: as ocorr\u00eancias no Supremo Tribunal Federal e a aproxima\u00e7\u00e3o entre a teoria da constitui\u00e7\u00e3o dirigente e a decis\u00e3o estruturante<\/td><td class=\"has-text-align-center\" data-align=\"center\">Jo\u00e3o H\u00e9lio Ferreira Pes; Jaci Rene Costa Garcia<\/td><\/tr><tr><td class=\"has-text-align-center\" data-align=\"center\">O direito \u00e0 educa\u00e7\u00e3o e as crian\u00e7as refugiadas: alternativas de acesso e integra\u00e7\u00e3o no sistema educacional<\/td><td class=\"has-text-align-center\" data-align=\"center\">Jo\u00e3o H\u00e9lio Ferreira Pes; I\u00e1ra Maria Machado Soares; Francielle Benini Agne Tybusch<\/td><\/tr><tr><td class=\"has-text-align-center\" data-align=\"center\">Os desafios da fam\u00edlia em prover o direito \u00e0 educa\u00e7\u00e3o durante a pandemia do COVID-19<\/td><td class=\"has-text-align-center\" data-align=\"center\">Laura Farencena Dotto; Rosane Leal da Silva<\/td><\/tr><tr><td class=\"has-text-align-center\" data-align=\"center\">Crian\u00e7as e adolescentes expostos em rede e o direito ao esquecimento<\/td><td class=\"has-text-align-center\" data-align=\"center\">Li\u00e9ge Alendes de Souza<\/td><\/tr><tr><td class=\"has-text-align-center\" data-align=\"center\">Direito ao esquecimento: uma possibilidade de aplica\u00e7\u00e3o em rela\u00e7\u00e3o a crian\u00e7as e adolescentes expostos em rede<\/td><td class=\"has-text-align-center\" data-align=\"center\">Li\u00e9ge Alendes de Souza<\/td><\/tr><tr><td class=\"has-text-align-center\" data-align=\"center\">Direitos de crian\u00e7as e adolescentes em tempos pand\u00eamicos (Blog do Reposit\u00f3rio do Curso de Direito da UFN)<\/td><td class=\"has-text-align-center\" data-align=\"center\">Li\u00e9ge Alendes de Souza<\/td><\/tr><tr><td class=\"has-text-align-center\" data-align=\"center\">Vacina\u00e7\u00e3o de Crian\u00e7as e Direito \u00e0 Educa\u00e7\u00e3o: As A\u00e7\u00f5es do Minist\u00e9rio P\u00fablico Durante a Pandemia da Covid-19<\/td><td class=\"has-text-align-center\" data-align=\"center\">Moacir Silva do Nascimento J\u00fanior<\/td><\/tr><tr><td class=\"has-text-align-center\" data-align=\"center\">O Direito \u00e0 Educa\u00e7\u00e3o de crian\u00e7as e adolescentes durante a pandemia: a ina\u00e7\u00e3o do Estado Brasileiro<\/td><td class=\"has-text-align-center\" data-align=\"center\">Rosane Leal da Silva<\/td><\/tr><\/tbody><\/table><\/figure>\n\n\n\n<p><\/p>\n\n\n\n<p class=\"has-text-align-center\"><strong>TRABALHOS COMPLETOS APRESENTADOS EM EVENTOS E PUBLICADOS <\/strong><\/p>\n\n\n\n<figure class=\"wp-block-table\"><table class=\"has-fixed-layout\"><tbody><tr><td><strong>Trabalhos Completos Publicados em anais de evento\/Peri\u00f3dicos<\/strong><\/td><td class=\"has-text-align-center\" data-align=\"center\"><strong>Evento\/Institui\u00e7\u00e3o<\/strong><\/td><td class=\"has-text-align-center\" data-align=\"center\"><strong>Autores<\/strong><\/td><td><strong>Link de Acesso<\/strong><\/td><\/tr><tr><td>Plataformas Digitais para Educa\u00e7\u00e3o e a Prote\u00e7\u00e3o de dados pessoais de crian\u00e7as e adolescentes<\/td><td class=\"has-text-align-center\" data-align=\"center\">SEPE &#8211; 2024 (UFN)<\/td><td class=\"has-text-align-center\" data-align=\"center\">Laura Farencena Dotto; Rosane Leal da Silva<\/td><td><a href=\"https:\/\/www.ufn.edu.br\/eventos\/maiseventos\/Edicaoatual.aspx?qtd=28342\">https:\/\/www.ufn.edu.br\/eventos\/maiseventos\/Edicaoatual.aspx?qtd=28342<\/a>&nbsp;&nbsp;<\/td><\/tr><tr><td>Os desafios da fam\u00edlia em prover o direito \u00e0 educa\u00e7\u00e3o durante a pandemia do COVID-19<\/td><td class=\"has-text-align-center\" data-align=\"center\">SEPE &#8211; 2023 (UFN)<\/td><td class=\"has-text-align-center\" data-align=\"center\">Laura Farencena Dotto; Rosane Leal da Silva<\/td><td><a href=\"https:\/\/www.ufn.edu.br\/eventos\/maiseventos\/Edicaoanterior.aspx?qtd=27274\">https:\/\/www.ufn.edu.br\/eventos\/maiseventos\/Edicaoanterior.aspx?qtd=27274<\/a><\/td><\/tr><tr><td>O direito \u00e0 educa\u00e7\u00e3o inclusiva no Brasil: estrat\u00e9gias de acessibilidade para crian\u00e7as e adolescentes com defici\u00eancia<\/td><td class=\"has-text-align-center\" data-align=\"center\">SEPE &#8211;&nbsp;&nbsp;2023\/&nbsp;&nbsp;<\/td><td class=\"has-text-align-center\" data-align=\"center\">Izadora Dur\u00e3o Rossi; Rosane Leal da Silva<\/td><td><a href=\"https:\/\/www.ufn.edu.br\/eventos\/maiseventos\/Edicaoanterior.aspx?qtd=27025\">https:\/\/www.ufn.edu.br\/eventos\/maiseventos\/Edicaoanterior.aspx?qtd=27025<\/a><\/td><\/tr><tr><td>O direito \u00e0 educa\u00e7\u00e3o de crian\u00e7as e adolescentes com defici\u00eancia em tempos pand\u00eamicos<\/td><td class=\"has-text-align-center\" data-align=\"center\">SEPE &#8211; 2023 (UFN)<\/td><td class=\"has-text-align-center\" data-align=\"center\">Rosane Leal da Silva<\/td><td><a href=\"https:\/\/www.ufn.edu.br\/eventos\/maiseventos\/Edicaoanterior.aspx?qtd=27052\">https:\/\/www.ufn.edu.br\/eventos\/maiseventos\/Edicaoanterior.aspx?qtd=27052<\/a><\/td><\/tr><tr><td>O direito constitucional \u00e0 educa\u00e7\u00e3o de crian\u00e7as e adolescentes durante a pandemia: notas para reflex\u00e3o<\/td><td class=\"has-text-align-center\" data-align=\"center\">SEPE &#8211; 2022 (UFN)<\/td><td class=\"has-text-align-center\" data-align=\"center\">Rosane Leal da Silva<\/td><td><a href=\"https:\/\/www.ufn.edu.br\/eventos\/maiseventos\/Edicaoanterior.aspx?qtd=26372\">https:\/\/www.ufn.edu.br\/eventos\/maiseventos\/Edicaoanterior.aspx?qtd=26372<\/a><\/td><\/tr><tr><td>O direito \u00e0 educa\u00e7\u00e3o de crian\u00e7as e adolescentes durante a pandemia: a ina\u00e7\u00e3o do Estado brasileiro<\/td><td class=\"has-text-align-center\" data-align=\"center\">VII Encontro Virtual Do CONPEDI &#8211; 2024<\/td><td class=\"has-text-align-center\" data-align=\"center\">Rosane Leal da Silva<\/td><td><a href=\"https:\/\/site.conpedi.org.br\/publicacoes\/v38r977z\/cbopu4tt\/81cinZY30HHC9qr1.pdf\">https:\/\/site.conpedi.org.br\/publicacoes\/v38r977z\/cbopu4tt\/81cinZY30HHC9qr1.pdf<\/a><\/td><\/tr><tr><td>A dignidade da pessoa humana e o supremo tribunal federal: uma an\u00e1lise da decis\u00e3o na ADPF 976<\/td><td class=\"has-text-align-center\" data-align=\"center\">Encontro do CONPEDI, GTConstitui\u00e7\u00e3o, teoria constitucional e democracia II &#8211; CONPEDI<\/td><td class=\"has-text-align-center\" data-align=\"center\">Jaci Rene Costa Garcia; Jo\u00e3o H\u00e9lio Ferreira Pes<\/td><td><a href=\"https:\/\/site.conpedi.org.br\/publicacoes\/pxt3v6m5\/uwiq2241\/FJ0x6bxP0b4MNAG4.pdf\">https:\/\/site.conpedi.org.br\/publicacoes\/pxt3v6m5\/uwiq2241\/FJ0x6bxP0b4MNAG4.pdf<\/a><\/td><\/tr><tr><td>O direito constitucional \u00e0 educa\u00e7\u00e3o de crian\u00e7as e adolescentes: considera\u00e7\u00f5es sobre a apropria\u00e7\u00e3o dos princ\u00edpios da prioridade absoluta e da prote\u00e7\u00e3o integral<\/td><td class=\"has-text-align-center\" data-align=\"center\">Encontro do Conpedi \u2013 GT Direitos e Garantias Fundamentais I &#8211; CONPEDI<\/td><td class=\"has-text-align-center\" data-align=\"center\">Jaci Rene Costa Garcia<\/td><td><a href=\"https:\/\/site.conpedi.org.br\/publicacoes\/906terzx\/857xie76\/PBblV5z4LHOWon9z.pdf\">https:\/\/site.conpedi.org.br\/publicacoes\/906terzx\/857xie76\/PBblV5z4LHOWon9z.pdf<\/a><\/td><\/tr><tr><td>O estado de coisas inconstitucional (eci) e a viola\u00e7\u00e3o dosDireitos fundamentais no Brasil: as ocorr\u00eancias no SupremoTribunal Federal e a aproxima\u00e7\u00e3o entre a teoria daConstitui\u00e7\u00e3o dirigente e a decis\u00e3o estruturante&nbsp;<\/td><td class=\"has-text-align-center\" data-align=\"center\">XIII Encontro Internacional do CONPEDI, 2024<\/td><td class=\"has-text-align-center\" data-align=\"center\">Jaci Rene Costa Garcia; Jo\u00e3o H\u00e9lio Ferreira Pes<\/td><td><a href=\"https:\/\/site.conpedi.org.br\/publicacoes\/351f5k20\/o84zf28d\/UZOn1lFW5MpZAv3R.pdf\">https:\/\/site.conpedi.org.br\/publicacoes\/351f5k20\/o84zf28d\/UZOn1lFW5MpZAv3R.pdf<\/a><\/td><\/tr><tr><td>A fam\u00edlia e o estado e o interesse p\u00fablico: algumasDificuldades na resolu\u00e7\u00e3o de casos de remo\u00e7\u00e3o&nbsp;<\/td><td class=\"has-text-align-center\" data-align=\"center\">VI Encontro Virtual Do CONPEDI, 2023<\/td><td class=\"has-text-align-center\" data-align=\"center\">Jaci Rene Costa Garcia; Jo\u00e3o H\u00e9lio Ferreira Pes<\/td><td><a href=\"https:\/\/site.conpedi.org.br\/publicacoes\/4k6wgq8v\/9d14tf59\/Cq9EQM6IjH4826X8.pdf\">https:\/\/site.conpedi.org.br\/publicacoes\/4k6wgq8v\/9d14tf59\/Cq9EQM6IjH4826X8.pdf<\/a><\/td><\/tr><tr><td>Fundamenta\u00e7\u00e3o da decis\u00e3o judicial no c\u00f3digo de processoCivil: o retrocesso do par\u00e1grafo segundo do artigo 489 noContexto do estado democr\u00e1tico de direito<\/td><td class=\"has-text-align-center\" data-align=\"center\">VI Encontro Virtual DoCONPEDI &#8211; Processo Civil I<\/td><td class=\"has-text-align-center\" data-align=\"center\">Dulci Mara Melo de Lima; Jaci Rene Costa Garcia<\/td><td><a href=\"https:\/\/site.conpedi.org.br\/publicacoes\/4k6wgq8v\/0eow3409\/z1TgutGz0zu2S9Mb.pdf\">https:\/\/site.conpedi.org.br\/publicacoes\/4k6wgq8v\/0eow3409\/z1TgutGz0zu2S9Mb.pdf<\/a><\/td><\/tr><\/tbody><\/table><\/figure>\n\n\n\n<p><\/p>\n","protected":false},"excerpt":{"rendered":"<p>Projeto: O Direito \u00e0 sa\u00fade e \u00e0 educa\u00e7\u00e3o de Crian\u00e7as e Adolescentes em tempos de pandemia: a atua\u00e7\u00e3o dos entes p\u00fablicos brasileiros na efetiva\u00e7\u00e3o de direitos fundamentais. Edital: Chamada CNPq\/MCTI\/FNDCT No 18\/2021 \u2013 Faixa A \u2013 Grupos Emergentes. PRODU\u00c7\u00c3O DOS DOCENTES T\u00edtulo da Revista\/Livro T\u00edtulo do Artigo\/Cap\u00edtulo Autores Link de Acesso Direito \u00e0 Sa\u00fade e&hellip; <a href=\"https:\/\/repositoriododireito.ufn.edu.br\/?page_id=2231\" class=\"more-link\">Continuar lendo <span class=\"screen-reader-text\">PRODU\u00c7\u00c3O DOS PESQUISADORES DO PROJETO<\/span><\/a><\/p>\n","protected":false},"author":3,"featured_media":0,"parent":0,"menu_order":0,"comment_status":"closed","ping_status":"closed","template":"","meta":{"footnotes":""},"tags":[],"class_list":["post-2231","page","type-page","status-publish","hentry","without-featured-image"],"jetpack_sharing_enabled":true,"_links":{"self":[{"href":"https:\/\/repositoriododireito.ufn.edu.br\/index.php?rest_route=\/wp\/v2\/pages\/2231","targetHints":{"allow":["GET"]}}],"collection":[{"href":"https:\/\/repositoriododireito.ufn.edu.br\/index.php?rest_route=\/wp\/v2\/pages"}],"about":[{"href":"https:\/\/repositoriododireito.ufn.edu.br\/index.php?rest_route=\/wp\/v2\/types\/page"}],"author":[{"embeddable":true,"href":"https:\/\/repositoriododireito.ufn.edu.br\/index.php?rest_route=\/wp\/v2\/users\/3"}],"replies":[{"embeddable":true,"href":"https:\/\/repositoriododireito.ufn.edu.br\/index.php?rest_route=%2Fwp%2Fv2%2Fcomments&post=2231"}],"version-history":[{"count":6,"href":"https:\/\/repositoriododireito.ufn.edu.br\/index.php?rest_route=\/wp\/v2\/pages\/2231\/revisions"}],"predecessor-version":[{"id":2698,"href":"https:\/\/repositoriododireito.ufn.edu.br\/index.php?rest_route=\/wp\/v2\/pages\/2231\/revisions\/2698"}],"wp:attachment":[{"href":"https:\/\/repositoriododireito.ufn.edu.br\/index.php?rest_route=%2Fwp%2Fv2%2Fmedia&parent=2231"}],"wp:term":[{"taxonomy":"post_tag","embeddable":true,"href":"https:\/\/repositoriododireito.ufn.edu.br\/index.php?rest_route=%2Fwp%2Fv2%2Ftags&post=2231"}],"curies":[{"name":"wp","href":"https:\/\/api.w.org\/{rel}","templated":true}]}}