{"id":2703,"date":"2025-03-28T08:27:38","date_gmt":"2025-03-28T11:27:38","guid":{"rendered":"https:\/\/repositoriododireito.ufn.edu.br\/?page_id=2703"},"modified":"2025-04-08T14:18:25","modified_gmt":"2025-04-08T17:18:25","slug":"videos","status":"publish","type":"page","link":"https:\/\/repositoriododireito.ufn.edu.br\/?page_id=2703","title":{"rendered":"V\u00eddeos"},"content":{"rendered":"\n<p>Os v\u00eddeos abaixo listados apresentam, de forma sucinta, os v\u00e1rios temas abordados no projeto. <\/p>\n\n\n\n<p>Prote\u00e7\u00e3o integral <a href=\"https:\/\/youtu.be\/eCLalXTV-XQ\">https:\/\/youtu.be\/eCLalXTV-XQ<\/a><\/p>\n\n\n\n<p>Direito \u00e0 sa\u00fade <a href=\"https:\/\/youtu.be\/y8ViFIdGzJU\" data-type=\"link\" data-id=\"https:\/\/youtu.be\/y8ViFIdGzJU\">https:\/\/youtu.be\/y8ViFIdGzJU<\/a><\/p>\n\n\n\n<p>Direito \u00e0 educa\u00e7\u00e3o <a href=\"https:\/\/youtu.be\/u6w0e8noxD4\" data-type=\"link\" data-id=\"https:\/\/youtu.be\/u6w0e8noxD4\">https:\/\/youtu.be\/u6w0e8noxD4<\/a><\/p>\n\n\n\n<p>Prote\u00e7\u00e3o de crian\u00e7as e adolescentes no ambiente digital <a href=\"https:\/\/youtu.be\/ih6F59_Hj0g\" data-type=\"link\" data-id=\"https:\/\/youtu.be\/ih6F59_Hj0g\">https:\/\/youtu.be\/ih6F59_Hj0g<\/a><\/p>\n\n\n\n<p>Prote\u00e7\u00e3o de dados pessoais <a href=\"https:\/\/youtu.be\/zEbRDB_SppA\" data-type=\"link\" data-id=\"https:\/\/youtu.be\/zEbRDB_SppA\">https:\/\/youtu.be\/zEbRDB_SppA<\/a><\/p>\n\n\n\n<p>Direito ao esquecimento e o direito das crian\u00e7as e adolescentes <a href=\"https:\/\/youtu.be\/EGBfmHPuoJA\" data-type=\"link\" data-id=\"https:\/\/youtu.be\/EGBfmHPuoJA\">https:\/\/youtu.be\/EGBfmHPuoJA<\/a><\/p>\n\n\n\n<p>Os direitos da personalidade de crian\u00e7as e adolescentes <a href=\"https:\/\/youtu.be\/ax47DCrAo6c\">https:\/\/youtu.be\/ax47DCrAo6c<\/a><\/p>\n\n\n\n<p>Resultados do projeto <a href=\"https:\/\/youtu.be\/ZaXLxtWNMtM\" data-type=\"link\" data-id=\"https:\/\/youtu.be\/ZaXLxtWNMtM\">https:\/\/youtu.be\/ZaXLxtWNMtM<\/a><\/p>\n\n\n\n<p><\/p>\n","protected":false},"excerpt":{"rendered":"<p>Os v\u00eddeos abaixo listados apresentam, de forma sucinta, os v\u00e1rios temas abordados no projeto. Prote\u00e7\u00e3o integral https:\/\/youtu.be\/eCLalXTV-XQ Direito \u00e0 sa\u00fade https:\/\/youtu.be\/y8ViFIdGzJU Direito \u00e0 educa\u00e7\u00e3o https:\/\/youtu.be\/u6w0e8noxD4 Prote\u00e7\u00e3o de crian\u00e7as e adolescentes no ambiente digital https:\/\/youtu.be\/ih6F59_Hj0g Prote\u00e7\u00e3o de dados pessoais https:\/\/youtu.be\/zEbRDB_SppA Direito ao esquecimento e o direito das crian\u00e7as e adolescentes https:\/\/youtu.be\/EGBfmHPuoJA Os direitos da personalidade de&hellip; <a href=\"https:\/\/repositoriododireito.ufn.edu.br\/?page_id=2703\" class=\"more-link\">Continuar lendo <span class=\"screen-reader-text\">V\u00eddeos<\/span><\/a><\/p>\n","protected":false},"author":3,"featured_media":0,"parent":0,"menu_order":0,"comment_status":"closed","ping_status":"closed","template":"","meta":{"footnotes":""},"tags":[],"class_list":["post-2703","page","type-page","status-publish","hentry","without-featured-image"],"jetpack_sharing_enabled":true,"_links":{"self":[{"href":"https:\/\/repositoriododireito.ufn.edu.br\/index.php?rest_route=\/wp\/v2\/pages\/2703","targetHints":{"allow":["GET"]}}],"collection":[{"href":"https:\/\/repositoriododireito.ufn.edu.br\/index.php?rest_route=\/wp\/v2\/pages"}],"about":[{"href":"https:\/\/repositoriododireito.ufn.edu.br\/index.php?rest_route=\/wp\/v2\/types\/page"}],"author":[{"embeddable":true,"href":"https:\/\/repositoriododireito.ufn.edu.br\/index.php?rest_route=\/wp\/v2\/users\/3"}],"replies":[{"embeddable":true,"href":"https:\/\/repositoriododireito.ufn.edu.br\/index.php?rest_route=%2Fwp%2Fv2%2Fcomments&post=2703"}],"version-history":[{"count":4,"href":"https:\/\/repositoriododireito.ufn.edu.br\/index.php?rest_route=\/wp\/v2\/pages\/2703\/revisions"}],"predecessor-version":[{"id":2751,"href":"https:\/\/repositoriododireito.ufn.edu.br\/index.php?rest_route=\/wp\/v2\/pages\/2703\/revisions\/2751"}],"wp:attachment":[{"href":"https:\/\/repositoriododireito.ufn.edu.br\/index.php?rest_route=%2Fwp%2Fv2%2Fmedia&parent=2703"}],"wp:term":[{"taxonomy":"post_tag","embeddable":true,"href":"https:\/\/repositoriododireito.ufn.edu.br\/index.php?rest_route=%2Fwp%2Fv2%2Ftags&post=2703"}],"curies":[{"name":"wp","href":"https:\/\/api.w.org\/{rel}","templated":true}]}}